v - 2. Let o = 3 - 0. Suppose 5*i = 4*f + 17, 4*f - 18 = i - o*i. Suppose -f*r + 4 = -3*r. Give y(r).
6
Let l be 2 - (2 - 16)/(-2). Let u(t) be the first derivative of -1/2*t**2 - 5/3*t**3 - 1/4*t**4 - t - 1. Calculate u(l).
4
Suppose w - 1 = -3. Let l = 2 + w. Let g(c) = -c**2 + c - 1. Determine g(l).
-1
Let w(u) = u - 2. Let c(q) = 2*q - 12. Let s be c(3). What is w(s)?
-8
Let u be (3 + -1 - -6) + -3. Suppose u*y - 1 = 9. Suppose 0 = 5*v - 2*r + 38, 5*r - 1 - 7 = -y*v. Let w(t) = t**2 + 5*t. What is w(v)?
6
Suppose 2*t + 1 = 3*t. Suppose i + t = 9. Suppose 0 = 4*f - 2*v + 22, -3*f - 4*v + 3 = -i. Let l(d) = d**3 + 3*d**2 + d - 4. Give l(f).
-7
Let i(z) = z**3 - 4*z**2 - 7*z + 3. Let t = -8 - -13. Give i(t).
-7
Let o(q) = -q**2 + 6*q + 2. Suppose 0*v + v - 22 = -4*s, -5*v = -s + 16. What is o(s)?
2
Let k(g) be the second derivative of g**4/12 + 2*g**3/3 + 5*g**2/2 - 4*g. Suppose -16 = -4*d - 0*d. Suppose 0*v + v = -m - 4, -d*v - 16 = 2*m. Calculate k(v).
5
Suppose -f - c = 0, 5*f + 28 = 4*c - 2*c. Let k(z) = 2*z + 1. Calculate k(f).
-7
Let f(n) = 5 + 2*n - 25*n**2 + 26*n**2 - 8*n. Let b = 0 - -4. Give f(b).
-3
Let z(j) = 2*j + 1. Let d(k) = 2*k**3 + k - 1. Let q be d(1). Let n be 7/2 + (-6)/12. Suppose -q*b + n = -1. What is z(b)?
5
Let l(i) = 4*i - 5*i - i**2 - 4 - 5*i. Let t(p) = 3*p. Let b be t(-2). Determine l(b).
-4
Let n(j) = -16*j**3 - 31*j**2 - 14*j + 1. Let l(r) = -3*r**3 - 6*r**2 - 3*r. Suppose 2*v = 3 - 7. Let o = 8 + 3. Let x(g) = o*l(g) + v*n(g). Calculate x(-3).
4
Let k be 1*(3 + 1/(-1)). Let u be 1/(-2) - (-3)/k. Let q(y) = 2*y**2 + 1. What is q(u)?
3
Let p = -5 + 11. Let t = 2 - 0. Let i(x) = 9*x - 6*x**2 - 9 + 3*x**3 - x**t - 2*x**3. Give i(p).
9
Suppose 0 = -2*z + 5 + 5. Let p(b) be the second derivative of b**4/12 - b**3/2 - b. Give p(z).
10
Let h(g) = g - 5. Suppose -4*w + 2*b = 3*b - 55, 0 = -2*b + 6. Suppose 14*d - w*d - 6 = 0. Calculate h(d).
1
Suppose 5 = 7*r - 6*r. Let c(k) = -k + 2. Let y(j) = -2*j + 3. Let h(o) = r*c(o) - 2*y(o). Suppose -4*v + 20 = 4. Determine h(v).
0
Suppose 0*j + 2*j - 4 = -g, 3*g + j + 8 = 0. Let t(k) be the third derivative of k**6/120 + k**5/12 + k**4/6 + k**3/3 - 4*k**2. What is t(g)?
2
Let t be (0/1)/(-35 - -37). Let y(r) = -3*r**3 - r**2 + r - 2. Let g(k) = -16*k**3 - 6*k**2 + 5*k - 10. Let f(l) = -2*g(l) + 11*y(l). What is f(t)?
-2
Let s(q) = -2*q + 2*q + 5*q - 2*q + 1. Suppose 0 = 5*c + 4*w - 13, -3 = 2*c + 3*c - 4*w. Give s(c).
4
Suppose -3*i + 0 - 9 = -3*j, 4*i - j + 3 = 0. Let q = i - -2. Let l(z) = -z**2 + z. What is l(q)?
-2
Let l(p) = p**3 - 2*p - 2. Let a be 3/(1 - -2)*5. Suppose 2 = -u - 3*k, 2*k + 3 = u + a. Determine l(u).
-6
Let q(s) = -s**3 + s**2 - s - 2. Let o be (2/9)/(1/9)*1. Give q(o).
-8
Suppose -1 = -5*u - 2*v + 16, 0 = -3*v + 3. Suppose 29 = u*g + 5*t, -2*g - 3*t = -6*t + 6. Let d(a) = -4 + g*a - 5*a + 3*a - 3*a. Give d(-4).
4
Let y(p) = -p**2 + 20*p + 48. Let l be y(22). Let o(k) be the second derivative of k**5/20 - 5*k**4/12 + k**3/3 - 2*k. Determine o(l).
-8
Let j = 7 + -4. Let z(q) = -q**2 - q + 4. Determine z(j).
-8
Let w(j) = -j**2 - 6*j + 11. Suppose f + 40 = -4*f. Calculate w(f).
-5
Let w(u) = -u**3 - 4*u**2 - 3*u - 3. Let g(l) = 4*l**2 - 6*l - 1. Let v(p) = -12*p**2 + 17*p + 2. Let d(j) = 8*g(j) + 3*v(j). Let f be d(1). Determine w(f).
-3
Let b(t) = -t**2 - t - 1. Let g(j) = j**3 + 3*j**2 + j + 1. Let u(y) = -3*b(y) - g(y). Suppose -5 = 5*w + 5. Calculate u(w).
6
Let y(f) = 6*f - 5 + 6*f**2 - 7*f**2 + 1 + 0*f**2. Calculate y(6).
-4
Let y(t) = -5*t + 6. Suppose 0 = -0*z + 3*z - 12. Let p(g) = g. Let h(d) = z*p(d) + y(d). Calculate h(0).
6
Let c(w) be the first derivative of 1 - 1/3*w**3 - 1/2*w**2 + 0*w. Determine c(-1).
0
Let w(p) = -p**3 + 6*p**2 + 2*p - 6. Suppose -6 = 3*m - 24. Determine w(m).
6
Let c(g) = g - 5. Let w be c(4). Let x(l) be the third derivative of -l**5/12 + l**4/24 + l**3/6 + l**2 - 27. What is x(w)?
-5
Let d(k) = 6 - 2 - k**2 + 2*k + 3*k**2 - 1. Give d(-3).
15
Suppose -3*w - 2*d = 2 - 10, 0 = -3*w + 4*d + 2. Let y(n) = -76*n - n**2 + 76*n + 0*n**2. Calculate y(w).
-4
Let y = -5 - -5. Let d(i) = 4*i + 6*i**2 - i**2 + i**3 - 4 + y*i**2. Let f(q) = 2*q**3 + 9*q**2 + 7*q - 7. Let c(r) = 7*d(r) - 4*f(r). Give c(-2).
4
Let m(j) = 0*j**2 + 0*j - 4*j**2 + 3*j + j**3. Let y(k) = 2*k**2 + 3*k - 4. Let c be y(-3). Suppose -2*h + c*s - 4 = 0, -3*h - 3*s + 16 - 1 = 0. Give m(h).
0
Let l = -17 - -31. Let v = l - 12. Let s(c) = -c**3 + c. Calculate s(v).
-6
Let i(c) = -2*c**3 - 5*c**2 + c + 6. Let z(l) = l**2 - 1. Let b(y) = -i(y) - 5*z(y). What is b(-2)?
-15
Let b(i) = -i**2 + 2*i + 2. Let x(q) = q**2 - 12*q + 8. Let w be x(12). Let t = 12 - w. Calculate b(t).
-6
Let d(s) = -s**3 - 1 + 3*s**3 + s**3. Let n be 0 + 1 + (-7 - (2 - 9)). Give d(n).
2
Let x(g) = 3*g**3 - 5*g**2 + 9*g - 3. Let q(h) = -2*h**3 + 2*h**2 - 4*h + 1. Let m be (-2 - 2) + 2 + -1. Let i(a) = m*x(a) - 5*q(a). Give i(-6).
10
Let j(h) be the first derivative of -3*h**4/2 + h**3/3 + 2. Let n(l) = l**2 - 2. Let i be n(-2). Suppose 0 = -t - i*q + 5, -q + 0*q + 8 = -5*t. Give j(t).
7
Let t(y) = -5*y**2. Let k(b) = b**2 - 27*b + 25. Let p be k(26). Determine t(p).
-5
Suppose -3*w = -0*k + 3*k + 9, 2 = -2*k. Let h(p) = 2 - 2*p - 1 - p. Give h(w).
7
Suppose -5 + 3 = -l. Let q(g) = 1 - 2*g**l - 12*g**3 - 2*g + 8*g**3 + 0*g - 2. Calculate q(-1).
3
Let i(j) be the third derivative of -j**6/120 + j**5/20 + j**3/3 - 8*j**2. Determine i(3).
2
Let c(f) = 3*f**2 - 6*f + 1. Let o(a) = 13*a**2 - 24*a + 5. Let v(m) = -9*c(m) + 2*o(m). Determine v(6).
1
Let k(r) = -r. Let j(z) = -z + 1. Let a(v) = j(v) - 2*k(v). Let p(x) = x - 2. Let o be p(2). Give a(o).
1
Let j(l) = l. Let x(b) = 4*b + 1. Let d(i) = 5*j(i) - x(i). Let z be (18/(-8))/(12/(-32)). What is d(z)?
5
Let h be (11*-2)/(3 - 4). Suppose 4*v + 4*p - h = 14, -3*v - 5 = -5*p. Let k(f) = -v + 1 - 4*f + 2 - 2*f**2. Calculate k(-3).
-8
Let z(u) be the second derivative of -u**3/6 - u**2 - u. Give z(-2).
0
Let t(s) = -s**3 - 7*s**2 - 7*s - 1. Let z(a) = -5*a**2 - 2*a + 1. Let k be z(1). Let b be t(k). Let l(y) = -4*y + y + 4 + 2*y. Determine l(b).
-1
Let k be (-16)/(-6) + (-8)/12. Let z(v) = -22*v**3 + 2*v + 11*v**3 + 1 - 3*v**k + 12*v**3. Let t be (2/(-5))/(2/(-10)). Determine z(t).
1
Let k(s) = 5*s - 1 - 7*s - s. Calculate k(3).
-10
Let l be (-9)/((-405)/(-198)) - 4/(-10). Let j(q) = -q**3. Let d(k) = 4*k**3 - 5*k**2 - 4*k + 1. Let r(p) = d(p) + 5*j(p). What is r(l)?
1
Suppose -39 = 4*x + 4*g + 9, 0 = x - 3*g - 8. Let p = 6 + x. Let u(m) = -5*m - 1. Determine u(p).
4
Suppose -23 = 4*v - 3. Let s(u) = 5*u - 21. Let q(i) = 2*i - 10. Let j(l) = -l + 2. Let g be j(-5). Let t(a) = g*q(a) - 3*s(a). Calculate t(v).
-2
Let y(m) = -5*m + 2. Let l(p) = 6*p - 2. Let q(b) = -4*l(b) - 5*y(b). Let s = -5 - -11. Let k be (s - 2)*(-1 + 2). What is q(k)?
2
Let w(k) = k**2 - 2*k + 3. Let v be (2 - (7 - 6))/((-2)/(-6)). What is w(v)?
6
Suppose 2 + 1 = 3*s. Let j(t) = -10*t**2 + 5 - 8*t**3 + s + 4*t**2 + 7*t**3. Calculate j(-6).
6
Let g(h) be the second derivative of -h**4/12 + 2*h**3/3 - 5*h**2/2 + 2*h. Let u be (-14)/10 + (-8)/(-20). Let y be 2/(-1*u/2). What is g(y)?
-5
Let n(b) = -7*b**2 + 2*b - 1. Suppose 5*l = 4 + 11. Suppose -4*m + 11 = l*c, -7*m - 2*c = -3*m - 6. Let w be (m + (-1 - -1))*-1. What is n(w)?
-6
Let i be 1 + -2 - (-28)/7. Let p(c) = -1 + 2*c - i*c - 6. Determine p(-5).
-2
Let x(m) = -m - 4. Suppose 3*n - 3 = -3*k, n - 3*n = 10. Let q(j) = j**2 - 7*j + 1. Let h be q(k). Give x(h).
1
Let y(i) = -i**2 + 3*i. Let x be -1*-2*(-6)/(-4). Give y(x).
0
Let i(h) = -2*h + 3*h + 2 - 3. Let w be (2 - 6/9)*-3. Calculate i(w).
-5
Let c(v) = -2*v**2 + v + 7. Let s(h) = h**2 - h - 6. Let x(m) = -4*c(m) - 5*s(m). Let w(d) = 4*d**2 + 2*d + 3. Let a(f) = 2*w(f) - 3*x(f). Give a(0).
0
Let u(t) be the second derivative of -t**3/6 - t**2/2 + 4*t. Give u(6).
-7
Let o(y) = -y + 19. Let h be o(15). Let c(l) = -2*l**2 + 4*l + 4. What is c(h)?
-12
Let k(y) = -y**3 - y**2 + 5*y + 3. Suppose 4*o - 48 = 4*h, 2*o + 4*h = -0*o + 24. Suppose -4*v = -8*v - o. Give k(v).
6
Suppose 2*a - 5*q + 15 = -0*a, 0 = 4*a + 4*q - 40. Let d = 0 + a. Let n(p) = -4 + 0*p - 1 + 3*p - 2*p. What is n(d)?
0
Let l(i) = -i + 10. Let t be l(7). Let o(d) = -4 - d**3 + 4*d**3 - 3*d**2 + 0 + d - 2*d**3. 